7/(-68). Calculate the highest common divisor of 87 and d.
3
Suppose -5*u - 71 = 99. Let r = 43 + u. What is the greatest common divisor of r and 9?
9
Let q be 36*14/(7/7). Calculate the greatest common factor of 108 and q.
36
Suppose 0 = -17*s + 5343 + 3616. Calculate the highest common factor of s and 17.
17
Let q be 8/6 + 69/(-45)*-5. What is the greatest common divisor of q and 39?
3
Let x = 28 - 29. Let k be 26/(-3)*(x - 2). Calculate the highest common divisor of k and 104.
26
Let c = 197 + -185. Calculate the highest common factor of 114 and c.
6
Let b(l) = -l + 1. Let d be b(1). Suppose 14 = 2*w - d. What is the highest common divisor of w and 7?
7
Suppose 2*f = -5*o + 155, -5*f - 3*o + 293 = -142. Suppose t = 6*t - f. Let p = 88 + -70. Calculate the greatest common divisor of t and p.
18
Let x(g) be the second derivative of -43*g**3/6 + 13*g**2 - 6*g. Let a be x(-4). What is the greatest common factor of a and 22?
22
Suppose 0 = -2*q - 4*y + 33 + 7, -3*y + 12 = 0. What is the greatest common factor of 954 and q?
6
Suppose 0*z - 2*z = -72. Suppose 2*k - o = 100, 5*k = 4*o + 113 + 143. Let d = -36 + k. What is the greatest common divisor of z and d?
12
Let a = -86 + 49. Let i = 3 - a. Calculate the highest common divisor of i and 20.
20
Let g(b) = 27*b + 34. Let f be g(8). Let z(l) = -l**3 - 15*l**2 + 14*l + 18. Let u be z(-16). What is the highest common factor of f and u?
50
Let z(d) = 2*d**3 + 8*d - 23 + 22 + 7*d**2 + 0*d**2 - d**3. Let p be z(-5). Calculate the highest common factor of 171 and p.
9
Let u(p) = -1. Let h(j) = 30*j - 6. Let s(o) = -h(o) + 24*u(o). Let x be s(-4). What is the greatest common factor of x and 34?
34
Let q be -6*(-40)/42*35. What is the highest common divisor of 120 and q?
40
Suppose f + m - 69 = -4*m, -m = 5*f - 417. Suppose l + 5*q - 2 = 0, l + q = 4*q + 18. Calculate the highest common divisor of l and f.
12
Let u(w) = -w**3 - w + 9. Let b be u(0). Let f = 5569 - 5524. Calculate the highest common divisor of f and b.
9
Let t(p) = -12*p - 2. Let k(i) = i - 6. Let z be k(-2). Let u be t(z). Let y = u - 60. What is the greatest common factor of 306 and y?
34
Let o(y) = 32*y + 4. Let t be o(3). Let f be -21 + 15 - (416/4)/(-4). What is the highest common factor of f and t?
20
Let t = -1048 + 1082. Calculate the highest common divisor of 2414 and t.
34
Let u(t) = -85*t + 9. Let x be u(-1). What is the greatest common factor of x and 1222?
94
Let x = 720 + -192. Let l = -4 - -52. What is the highest common factor of x and l?
48
Let h(x) = x**2 + 2*x - 5. Let u be h(-5). Let j = -3 + 3. Let t be (-15)/(-6)*(4 + j). Calculate the highest common factor of u and t.
10
Let a = 332 - 268. Calculate the highest common divisor of a and 16.
16
Let r(q) = 122*q + 549. Let a be r(0). Calculate the greatest common factor of 61 and a.
61
Let k = 46 + -43. Suppose 4*n - 28 = -4*i, -6 = i - k. Calculate the greatest common factor of n and 40.
10
Suppose 13*x = 7*x + 84. Suppose -s = -59 + x. Calculate the highest common factor of s and 5.
5
Suppose 5*i - 37 = -12. Suppose 17*f + 855 = 36*f. Calculate the greatest common factor of f and i.
5
Let w be (2 - -2) + (30 - 2). Suppose -k + w = 3*k. Suppose 236 = -3*i + k*i + z, 2*i = 3*z + 108. What is the highest common factor of i and 32?
16
Let x(w) = w**2 - w - 37. Let c be x(12). What is the greatest common factor of c and 76?
19
Let f be 2/(-1) - 273/(-6)*2. Let m = f + -51. What is the greatest common factor of 38 and m?
38
Let k = 804 + -790. What is the greatest common divisor of k and 77?
7
Let n be 39/(-6) + 1/2. Let m = -20 - n. Let t be (m/(-21))/((-4)/(-126)). Calculate the highest common factor of 63 and t.
21
Let p(g) = g**3 - 9*g**2 - 11*g + 9. Let w be p(10). Let i(c) = -20*c**3 + c**2 - c - 3. Let q be i(w). Calculate the greatest common divisor of 152 and q.
19
Suppose 11*c - 1496 = 1815. Calculate the highest common factor of 43 and c.
43
Let j be (8/(-16))/((-1)/36). Let x = 27 - j. Let i be (-1)/(-3) + 159/x. Calculate the highest common factor of i and 9.
9
Suppose -2*n = -4, -3*x + 78 = n - 4*n. Let i = 21 - 13. Suppose t - 2*q = 3*q - 16, 2*q = 4*t - i. Calculate the greatest common factor of x and t.
4
Let v = 312 - 270. What is the highest common divisor of v and 651?
21
Let r(l) be the second derivative of -l**5/20 + 5*l**4/12 + 7*l**3/6 - 7*l**2 - 16*l. Let a be r(4). What is the greatest common divisor of a and 20?
10
Suppose -5*a + 662 = 3*r, 5*a - 3*r = 97 + 571. Suppose 0 = -10*p + 91 + 99. Calculate the highest common divisor of p and a.
19
Let m be (-285)/(-76)*(33 + -9). Let h be 0/2 - -1*10. Calculate the highest common factor of m and h.
10
Let g = 122 + -119. Let i(v) = v + 5. Let n be i(-4). Let l = n + g. Calculate the highest common factor of 12 and l.
4
Let r(k) = k**2 + 7*k + 11. Let a be r(-6). Let s be a/((-2)/(3 - 7)). Suppose -5*p = -s - 0, 11 = 3*t + p. What is the highest common factor of 1 and t?
1
Suppose 0*s + s + 1 = 0, -4*s + 36 = 4*r. Suppose -v + 9 = -3*m, -v = -2*v + 4*m + r. Let b = v + 38. What is the greatest common factor of 66 and b?
22
Suppose -11 = 2*m - 3*m - 4*k, -2*m - 4*k = -38. Suppose 26*t - m*t + 315 = 0. What is the greatest common divisor of 45 and t?
45
Suppose 0 = 6*a - 5*a + 4. Let m be (a/(-8))/((-1)/(-4)). Calculate the highest common divisor of 18 and m.
2
Let o(v) = 99*v**2 + 9*v + 8. Let m be o(5). Let p be (-3)/9 + m/24. Calculate the highest common factor of p and 14.
7
Suppose g = -a - 0*g + 27, -57 = -2*a - 3*g. Suppose -s - s = -a. What is the greatest common factor of 16 and s?
4
Let z(q) = 0*q**3 + q**2 - 4*q - 3*q**2 + q**3 - 2*q**2 + 3. Let k be z(5). Suppose 4*j = 19*j - 360. What is the highest common factor of k and j?
8
Let c = 2168 - 1692. What is the greatest common factor of 70 and c?
14
Let a = -530 + 597. What is the highest common divisor of a and 67?
67
Let n(s) = s**2 + s - 7. Let j be n(-4). Suppose -j*i + i = -144. Suppose -4*m + 275 = m + z, 5*m - z - 265 = 0. Calculate the highest common factor of m and i.
18
Let m be (-38)/95 + (-264)/(-10). Let f(b) = 2*b**2 - b - 6. Let d be f(5). Calculate the greatest common factor of m and d.
13
Let y be 2/(-8) - 12710/(-248). What is the greatest common divisor of y and 9?
3
Suppose -p - 5*t + 98 = 0, -7*t + 8*t + 92 = p. What is the greatest common divisor of 9 and p?
3
Let a(r) = 2*r**2 - 3*r - 11. Let c be a(-5). Suppose 4 = -2*t - 0, 4*w - 5*t = c. Let s be (-2)/w + 342/66. What is the highest common factor of s and 10?
5
Let u be (134 - 24/(-6))*(-95)/(-15). What is the highest common divisor of u and 46?
46
Suppose 13*x + 15 = 8*x. Let c be x/(-9) - 152/(-3) - -3. What is the highest common factor of 27 and c?
27
Suppose 32 = 2*x - 4. Let k = -646 + 655. Calculate the greatest common factor of x and k.
9
Let v = 303 + -199. What is the greatest common divisor of 16 and v?
8
Let j(x) = 435*x**2 + 9*x - 8. Let g be j(2). Calculate the greatest common factor of 50 and g.
50
Let u = -4 + 23. Suppose u = 4*b + 3. Suppose -32 - 40 = -b*o. Calculate the highest common factor of 2 and o.
2
Let t(h) = 7*h**2. Let x(r) = -176*r**2. Let a(u) = -99*t(u) - 4*x(u). Suppose 0*i + i + 1 = 0. Let l be a(i). Calculate the greatest common factor of 1 and l.
1
Let d = 1886 - 1461. Calculate the highest common factor of d and 85.
85
Let j = 10 - 6. Suppose 4*x = -j*s + 36, -s + 1 - 13 = -2*x. What is the highest common divisor of x and 49?
7
Let p(x) = x**2 + 6*x + 1. Let m be p(-7). Let q = m + 7. Calculate the highest common factor of 120 and q.
15
Let x be (-68)/(-6) + (-4)/(-6). Suppose -51 - 47 = 7*w. Let g be ((-48)/w)/(1 - 19/21). What is the greatest common factor of x and g?
12
Suppose -2*k + 32 = 3*o, -21 = -4*k - o + 43. Suppose -5*q + 2 = -3*q + 3*s, 0 = 3*q - 2*s - k. Calculate the greatest common factor of 4 and q.
4
Let s(i) = 2*i**3 - 8*i**2 + 15*i - 16. Let k be s(5). Calculate the greatest common factor of k and 218.
109
Let q be -10*((-74)/4 - (-16 - -20)). Calculate the highest common divisor of 15 and q.
15
Let r = 17 - 16. Let n be (-22)/3*9/(-6). What is the highest common divisor of n and r?
1
Let r(y) = -y - 6. Let u be r(-9). Suppose -j + 4*h - 3 = -19, j + u*h - 9 = 0. What is the greatest common divisor of 36 and j?
